actor of 1793280 and 10.
10
What is the highest common factor of 236 and 442795?
59
Calculate the greatest common divisor of 98 and 330834.
14
What is the highest common divisor of 1011372 and 4665?
933
Calculate the highest common factor of 226812 and 162272.
1844
What is the highest common factor of 55233 and 7497?
153
Calculate the highest common divisor of 2607299 and 157.
157
What is the greatest common divisor of 2565 and 7239?
57
Calculate the highest common factor of 21923 and 99.
11
Calculate the highest common factor of 116366 and 6806.
166
What is the highest common divisor of 1429896 and 39?
39
Calculate the highest common factor of 144 and 23304.
24
What is the highest common divisor of 401289 and 42?
21
What is the greatest common divisor of 253489 and 1276?
29
Calculate the greatest common divisor of 303 and 63.
3
Calculate the highest common factor of 20 and 143215.
5
Calculate the greatest common factor of 16128 and 591696.
1008
Calculate the greatest common divisor of 1608132 and 36.
12
What is the greatest common divisor of 354 and 207267?
177
What is the greatest common factor of 4025 and 194810?
805
Calculate the greatest common factor of 2433265 and 5.
5
Calculate the greatest common factor of 170 and 31178.
34
Calculate the greatest common divisor of 13281 and 285.
57
What is the greatest common factor of 121 and 4389?
11
Calculate the highest common divisor of 10864 and 14224.
112
What is the highest common factor of 57 and 49?
1
Calculate the highest common factor of 2519 and 916.
229
What is the highest common divisor of 39520 and 1846?
26
What is the greatest common factor of 144648 and 490032?
2952
Calculate the greatest common divisor of 2525 and 5275.
25
Calculate the highest common divisor of 56 and 15176.
56
What is the highest common divisor of 55 and 25751?
11
Calculate the highest common divisor of 2226 and 43708.
14
What is the highest common divisor of 697 and 53587?
41
Calculate the highest common divisor of 15365 and 385.
35
What is the greatest common divisor of 3984 and 5232?
48
Calculate the highest common factor of 446 and 766.
2
What is the greatest common factor of 50968 and 552?
184
What is the greatest common factor of 95172 and 72821?
721
What is the greatest common divisor of 1691228 and 228?
76
Calculate the greatest common factor of 2079 and 41987.
11
What is the greatest common factor of 5857460 and 56?
28
Calculate the greatest common factor of 11455 and 15660.
145
What is the highest common divisor of 163 and 7612589?
163
Calculate the greatest common divisor of 630 and 371880.
90
What is the greatest common factor of 54641 and 4869?
541
Calculate the highest common factor of 662779 and 221.
221
What is the highest common divisor of 150 and 9270?
30
Calculate the highest common factor of 10248 and 9534.
42
What is the greatest common divisor of 1900 and 1238040?
380
What is the highest common divisor of 4094 and 184?
46
Calculate the highest common divisor of 4087 and 16714.
61
Calculate the highest common divisor of 39 and 15171.
39
Calculate the highest common divisor of 127009 and 107.
107
What is the greatest common factor of 4056 and 48?
24
What is the highest common factor of 1272 and 901848?
1272
What is the greatest common divisor of 465 and 3765?
15
What is the highest common divisor of 5412000 and 44?
44
Calculate the greatest common divisor of 560 and 1185968.
112
Calculate the highest common divisor of 406620 and 330.
30
What is the highest common divisor of 1 and 725984?
1
What is the greatest common factor of 53083 and 131003?
487
What is the greatest common factor of 43549 and 516703?
1177
Calculate the highest common factor of 14240 and 76184.
712
What is the greatest common factor of 1333 and 3836374?
1333
Calculate the highest common divisor of 1350 and 3285.
45
What is the greatest common divisor of 312 and 38454?
78
Calculate the highest common factor of 2158 and 144669.
83
Calculate the greatest common factor of 641343 and 213.
213
What is the highest common factor of 87135 and 13345?
785
Calculate the highest common factor of 2652 and 30684.
12
What is the greatest common divisor of 13648 and 80?
16
Calculate the greatest common divisor of 287 and 136878.
7
Calculate the greatest common factor of 289 and 10217.
17
What is the greatest common divisor of 500 and 369300?
100
Calculate the highest common factor of 46553 and 949.
13
What is the greatest common factor of 5853240 and 229?
229
Calculate the highest common factor of 2284 and 2554654.
1142
What is the greatest common divisor of 224 and 12368?
16
Calculate the greatest common factor of 281585 and 1990.
995
What is the greatest common factor of 217 and 46368?
7
Calculate the greatest common factor of 113688 and 1260.
36
What is the highest common factor of 1596517 and 7736?
967
What is the greatest common divisor of 58428 and 163923?
1623
Calculate the greatest common factor of 1296 and 6224.
16
Calculate the highest common factor of 5680 and 1775.
355
What is the highest common divisor of 567 and 72?
9
Calculate the greatest common divisor of 30624 and 144.
48
Calculate the highest common divisor of 31694 and 19136.
598
Calculate the highest common factor of 6226 and 69335.
283
Calculate the greatest common factor of 799605 and 675.
135
What is the greatest common divisor of 6 and 100383?
3
What is the greatest common factor of 1352 and 13182?
338
What is the highest common divisor of 3840 and 645?
15
Calculate the highest common factor of 86 and 2566.
2
Calculate the greatest common divisor of 324 and 42138.
18
What is the greatest common divisor of 24 and 355512?
24
Calculate the greatest common factor of 649 and 473.
11
Calculate the highest common divisor of 705417 and 2241.
249
Calculate the highest common divisor of 147259 and 2289.
763
Calculate the highest common factor of 1446 and 840.
6
What is the highest common divisor of 195750 and 406?
58
What is the highest common divisor of 137235 and 3?
3
What is the greatest common factor of 22689856 and 448?
448
Calculate the greatest common factor of 17136 and 903.
21
What is the highest common factor of 413019 and 162?
81
What is the greatest common divisor of 26 and 101088?
26
What is the highest common factor of 164 and 336979?
41
Calculate the greatest common divisor of 19 and 8680663.
19
Calculate the highest common divisor of 7373 and 28179.
101
What is the highest common factor of 6477 and 1581?
51
What is the highest common factor of 1210 and 850?
10
Calculate the greatest common divisor of 3300 and 2560140.
660
Calculate the highest common factor of 131903 and 51.
17
What is the greatest common divisor of 16744 and 1284136?
1288
What is the greatest common divisor of 73290 and 2?
2
Calculate the greatest common factor of 429768 and 2032.
1016
Calculate the highest common factor of 8619 and 6123.
39
Calculate the greatest common divisor of 39900 and 38.
38
Calculate the highest common divisor of 23 and 120566.
23
Calculate the greatest common factor of 2106 and 16686.
162
Calculate the greatest common factor of 9821526 and 858.
858
What is the highest common divisor of 5331226 and 344?
86
What is the greatest common factor of 6258 and 1194?
6
What is the greatest common divisor of 38753 and 33?
11
Calculate the highest common factor of 13344 and 2453628.
1668
Calculate the greatest common divisor of 550 and 809050.
550
What is the highest common factor of 32 and 3036320?
32
Calculate the greatest common divisor of 2537 and 1475.
59
What is the highest common factor of 142980 and 24?
12
What is the highest common divisor of 55549 and 39?
13
Calculate the highest common factor of 82247 and 22.
11
What is the greatest common factor of 551 and 39121?
551
Calculate the highest common divisor of 161790 and 30.
30
Calculate the greatest common factor of 1638 and 36918.
126
What is the greatest common factor of 171210 and 1599?
39
Calculate the greatest common divisor of 174 and 932640.
174
Calculate the greatest common factor of 414 and 2026737.
207
Calculate the highest common divisor of 38 and 78983.
19
What is the highest common factor of 3502 and 136?
34
What is the highest common divisor of 490 and 119805?
245
What is the highest common factor of 24